r of 43026758?
False
Is 172 a factor of 8754483?
False
Is 41270218 a multiple of 3?
False
Is 311580236 a multiple of 38?
False
Is 373 a factor of 32488582?
False
Does 25 divide 561715958?
False
Is 547282393 a multiple of 607?
False
Does 27 divide 1334615?
False
Does 16 divide 540504887?
False
Is 38879528 a multiple of 227?
False
Does 219 divide 866188132?
False
Is 63990026 a multiple of 22?
False
Is 46026903 a multiple of 39?
True
Is 12 a factor of 96696804?
True
Is 152204136 a multiple of 24?
True
Is 19231279 a multiple of 184?
False
Is 57 a factor of 43352262?
True
Is 63059605 a multiple of 5?
True
Is 6 a factor of 38329155?
False
Is 4254909088 a multiple of 21?
False
Does 3831 divide 274127205?
True
Does 143 divide 76104171?
True
Is 21 a factor of 151986849?
True
Is 7 a factor of 8464813?
True
Is 2189531252 a multiple of 909?
False
Does 64 divide 2299450432?
True
Does 896 divide 28939904?
True
Is 19 a factor of 18377161?
True
Does 7 divide 433766116?
True
Does 113 divide 105924505?
True
Is 22 a factor of 28718800?
True
Is 100802619 a multiple of 2547?
True
Is 50758426 a multiple of 242?
False
Does 6 divide 750085950?
True
Is 538 a factor of 84894501?
False
Is 150 a factor of 191417099?
False
Is 1373 a factor of 1772891742?
True
Is 8 a factor of 30919208?
True
Does 8 divide 16472877?
False
Is 44868285 a multiple of 161?
True
Is 16 a factor of 15433040?
True
Is 70 a factor of 5052252?
False
Does 2541 divide 90594273?
True
Does 36 divide 8180352?
True
Is 527 a factor of 10425114?
True
Is 2714 a factor of 1766116502?
True
Is 1103 a factor of 889059997?
False
Is 12 a factor of 37563979?
False
Is 532 a factor of 2525511542?
False
Is 114774873 a multiple of 617?
False
Is 101 a factor of 2467880157?
True
Does 18 divide 15668993?
False
Does 1121 divide 3513214?
True
Is 10912345 a multiple of 5?
True
Is 6 a factor of 39462138?
True
Is 146 a factor of 43244074?
False
Is 4948 a factor of 368208811?
False
Does 381 divide 49919763?
True
Does 84 divide 137286240?
True
Is 6024133 even?
False
Is 31178550 a multiple of 2?
True
Is 737 a factor of 462008257?
False
Is 1636129330 a multiple of 2299?
True
Does 11 divide 97923543?
False
Does 482 divide 31774886?
True
Is 143 a factor of 176351852?
False
Is 15690451 a multiple of 271?
False
Is 670682 a multiple of 5?
False
Is 146 a factor of 151261694?
True
Does 10 divide 29865518?
False
Is 22 a factor of 3289264?
True
Is 8 a factor of 77294440?
True
Is 20 a factor of 1278934840?
True
Does 109 divide 14785414?
True
Does 145 divide 6542573545?
False
Is 12289002 a multiple of 242?
True
Is 63085920 a multiple of 12?
True
Does 6122 divide 793460176?
True
Does 7276 divide 2906824398?
False
Does 65 divide 487929000?
True
Is 1420 a factor of 24350917?
False
Does 12 divide 101251189?
False
Is 147335 a multiple of 10?
False
Does 8 divide 838019706?
False
Does 1172 divide 16370496?
True
Does 1074 divide 287964102?
True
Does 1689 divide 4376199?
True
Is 317113285 a multiple of 20?
False
Is 46 a factor of 13975268?
False
Does 2137 divide 178321965?
True
Is 839 a factor of 28903518?
False
Is 111056519 a multiple of 1766?
False
Does 14 divide 118178168?
False
Is 106109927 a multiple of 779?
True
Does 144 divide 9662892?
False
Does 54 divide 391006085?
False
Is 89 a factor of 1616165533?
False
Does 1960 divide 2055902631?
False
Is 298248810 a multiple of 4?
False
Does 4527 divide 141907869?
True
Is 44 a factor of 40625112?
True
Does 363 divide 25773363?
True
Is 998622430 a multiple of 4377?
False
Is 10051767 a multiple of 737?
False
Does 180 divide 34527052?
False
Does 115 divide 48836245?
True
Does 34 divide 119489430?
True
Is 10 a factor of 32356641?
False
Does 645 divide 210936735?
False
Is 246 a factor of 11075828?
False
Is 755818300 a multiple of 58?
True
Is 21 a factor of 68613069?
True
Does 1509 divide 1385141280?
True
Does 127 divide 3144799?
False
Does 9 divide 39925503?
True
Does 11 divide 80508440?
False
Is 586 a factor of 17591720?
True
Is 35 a factor of 5217520?
True
Is 26 a factor of 9339943?
False
Is 91 a factor of 47684?
True
Is 137 a factor of 4891808858?
True
Does 30 divide 58128450?
True
Is 13 a factor of 1578386?
False
Is 96 a factor of 886309344?
True
Does 814 divide 25486855?
False
Is 55 a factor of 235952233?
False
Is 436845912 a multiple of 177?
True
Is 3464227525 a multiple of 55?
True
Does 2 divide 53220089?
False
Is 31 a factor of 4910114335?
True
Is 20 a factor of 221472940?
True
Is 681088793 a multiple of 187?
False
Is 150 a factor of 255555209?
False
Is 3883752 a multiple of 34?
True
Is 2057813 a multiple of 71?
False
Is 1114 a factor of 216122684?
True
Is 1094 a factor of 21937982?
True
Is 203801925 a multiple of 15?
True
Does 28 divide 5152928?
False
Does 51 divide 1313270948?
False
Does 5 divide 109135790?
True
Is 3 a factor of 4312161?
True
Is 3519704 a multiple of 53?
False
Is 28 a factor of 14077723?
False
Does 15 divide 15093516?
False
Is 20334584 a multiple of 68?
True
Is 128253720 a multiple of 1708?
True
Does 372 divide 50730756?
True
Does 17 divide 2599544?
False
Is 1536 a factor of 122997087?
False
Is 174488251 a multiple of 41?
True
Is 1217683363 a multiple of 13?
True
Is 80767438 a multiple of 194?
True
Is 129450250 a multiple of 125?
True
Does 178 divide 266517264?
True
Does 10 divide 421445250?
True
Does 288 divide 2771257209?
False
Does 1091 divide 107593329?
True
Does 259 divide 635526183?
False
Does 2634 divide 117252510?
True
Is 154 a factor of 83404860?
True
Does 127 divide 1137032016?
True
Is 1012200 a multiple of 14?
True
Is 25494438 a multiple of 134?
True
Is 1546320 a multiple of 758?
True
Is 10 a factor of 80724551?
False
Does 155 divide 62070525?
True
Is 11 a factor of 106692927?
True
Is 31134755 a multiple of 30?
False
Does 76 divide 21956561?
False
Is 169 a factor of 1199643627?
True
Is 1526 a factor of 130038258?
False
Is 49 a factor of 15166280?
False
Is 1799496 a multiple of 27?
True
Does 625 divide 5156318?
False
Is 168 a factor of 180373536?
True
Is 203847087 a multiple of 543?
True
Is 544 a factor of 2185852118?
False
Is 17399664 a multiple of 12?
True
Does 13 divide 2065369?
False
Is 2342635344 a multiple of 27?
True
Is 376596203 a multiple of 16?
False
Does 2 divide 28532751?
False
Does 20 divide 8679073?
False
Is 20 a factor of 260385480?
True
Is 6223185 a multiple of 169?
False
Does 104 divide 298918019?
False
Does 44 divide 396594990?
False
Is 3 a factor of 98119944?
True
Is 43198462 a multiple of 34?
True
Does 3 divide 2877193?
False
Does 12 divide 747574032?
True
Is 257 a factor of 2592102?
True
Is 168541413 a multiple of 15?
False
Is 7042312 a multiple of 46?
False
Is 60665739 a multiple of 24?
False
Is 53788560 a multiple of 634?
True
Is 2807 a factor of 522784101?
True
Is 106199392 a multiple of 32?
True
Does 300 divide 850788900?
True
Is 89637927 a multiple of 214?
False
Does 57 divide 9746145?
True
Does 11 divide 169309484?
False
Is 152 a factor of 132221304?
True
Does 37 divide 237878180?
True
Does 11 divide 90366176?
False
Is 238 a factor of 9371726?
True
Does 6 divide 8290758?
True
Does 3457 divide 823592994?
False
Is 54 a factor of 1788888030?
False
Is 172383329 a multiple of 15?
False
Is 82378605 a multiple of 13?
False
Does 7 divide 253095676?
False
Does 55 divide 545980930?
True
Is 265 a factor of 30817929?
False
Is 5336398 a multiple of 3?
False
Is 384519668 a multiple of 68?
True
Is 143 a factor of 6400823?
True
Is 21586026 a multiple of 33?
True
Is 106 a factor of 270565592?
False
Is 6226008 a multiple of 69?
True
Does 2145 divide 82633980?
True
Does 48 divide 431188704?
True
Does 230 divide 56192205?
False
Does 82 divide 1359844?
False
Is 1984 a factor of 204676733?
False
Does 1568 divide 2671229120?
True
Does 113 divide 62202545?
True
Is 362 a factor of 256996832?
True
Does 605 divide 73370770?
True
Is 29 a factor of 734377?
False
Is 1753 a factor of 762614602?
True
Does 89 divide 1316873103?
True
Is 1696215939 a multiple of 1459?
False
Does 2920 divide 47891787?
False
Does 17 divide 12027483?
True
Is 1591263037 a multiple of 22?
False
Is 5047 a factor of 95070665?
False
Is 213397911 a multiple of 196?
False
Does 7407 divide 838279818?
True
Is 5566957 a multiple of 39?
False
Is 270868582 a multiple of 20?
False
Does 3061 divide 864084976?